{"id":3240,"date":"2026-02-05T12:14:37","date_gmt":"2026-02-05T09:14:37","guid":{"rendered":"https:\/\/www.ussaki.com\/?page_id=3240"},"modified":"2026-02-06T20:38:21","modified_gmt":"2026-02-06T17:38:21","slug":"silsile","status":"publish","type":"page","link":"https:\/\/www.ussaki.com\/?page_id=3240","title":{"rendered":"Silsile-i U\u015f\u015f\u00e2ki"},"content":{"rendered":"\t\t<div data-elementor-type=\"wp-page\" data-elementor-id=\"3240\" class=\"elementor elementor-3240\" data-elementor-post-type=\"page\">\n\t\t\t\t<div class=\"elementor-element elementor-element-2560291 e-flex e-con-boxed e-con e-parent\" data-id=\"2560291\" data-element_type=\"container\" data-e-type=\"container\">\n\t\t\t\t\t<div class=\"e-con-inner\">\n\t\t<div class=\"elementor-element elementor-element-ac8b9be e-con-full e-flex e-con e-child\" data-id=\"ac8b9be\" data-element_type=\"container\" data-e-type=\"container\" data-settings=\"{&quot;background_background&quot;:&quot;classic&quot;}\">\n\t\t\t\t<div class=\"elementor-element elementor-element-ab35198 elementor-widget elementor-widget-spacer\" data-id=\"ab35198\" data-element_type=\"widget\" data-e-type=\"widget\" data-widget_type=\"spacer.default\">\n\t\t\t\t<div class=\"elementor-widget-container\">\n\t\t\t\t\t\t\t<div class=\"elementor-spacer\">\n\t\t\t<div class=\"elementor-spacer-inner\"><\/div>\n\t\t<\/div>\n\t\t\t\t\t\t<\/div>\n\t\t\t\t<\/div>\n\t\t\t\t<div class=\"elementor-element elementor-element-371cc5b elementor-widget elementor-widget-heading\" data-id=\"371cc5b\" data-element_type=\"widget\" data-e-type=\"widget\" data-widget_type=\"heading.default\">\n\t\t\t\t<div class=\"elementor-widget-container\">\n\t\t\t\t\t<h2 class=\"elementor-heading-title elementor-size-default\">S\u0130LS\u0130LE-\u0130 TAR\u00ceKAT-I \u00c2L\u0130YYE-\u0130 HALVET\u0130YYE-\u0130 U\u015e\u015e\u00c2K\u00ceYE\n<\/h2>\t\t\t\t<\/div>\n\t\t\t\t<\/div>\n\t\t\t\t<div class=\"elementor-element elementor-element-d62c876 elementor-widget elementor-widget-spacer\" data-id=\"d62c876\" data-element_type=\"widget\" data-e-type=\"widget\" data-widget_type=\"spacer.default\">\n\t\t\t\t<div class=\"elementor-widget-container\">\n\t\t\t\t\t\t\t<div class=\"elementor-spacer\">\n\t\t\t<div class=\"elementor-spacer-inner\"><\/div>\n\t\t<\/div>\n\t\t\t\t\t\t<\/div>\n\t\t\t\t<\/div>\n\t\t\t\t<div class=\"elementor-element elementor-element-729d40e elementor-widget elementor-widget-text-editor\" data-id=\"729d40e\" data-element_type=\"widget\" data-e-type=\"widget\" data-widget_type=\"text-editor.default\">\n\t\t\t\t<div class=\"elementor-widget-container\">\n\t\t\t\t\t\t\t\t\t<p style=\"text-align: center;\"><a href=\"https:\/\/www.ussaki.com\/?page_id=3240\"><strong>Hatem-i Enbiy\u00e2 Hazret-i Muhammed Mustafa (s.a.v)<\/strong><\/a><\/p><p style=\"text-align: center;\">\u015e\u00e2h-\u0131 Vel\u00e2yet Hazret-i Aliyy-i Murtez\u00e2 (k.v)<\/p><p style=\"text-align: center;\">\u015eeyh Hasan-\u0131 Basr\u00ee<\/p><p style=\"text-align: center;\">\u015eeyh Habib-i Acem\u00ee<\/p><p style=\"text-align: center;\">\u015eeyh D\u00e2vud-i T\u00e2\u00ee<\/p><p style=\"text-align: center;\">\u015eeyh M\u00e2r\u00fbf-\u0131 Kerh\u00ee<\/p><p style=\"text-align: center;\">\u015eeyh Seri-yi Sakat\u00ee<\/p><p style=\"text-align: center;\">\u015eeyh C\u00fcneyd-i Ba\u011fd\u00e2d\u00ee<\/p><p style=\"text-align: center;\">\u015eeyh Mim\u015fad-\u0131 D\u00eenaver\u00ee<\/p><p style=\"text-align: center;\">\u015eeyh Muhammed-i Bekr\u00ee<\/p><p style=\"text-align: center;\">\u015eeyh \u00d6mer Vec\u00eeh\u00fcdd\u00een-i Bekr\u00ee<\/p><p style=\"text-align: center;\">\u015eeyh Eb\u00fc\u2019n Necib Abd\u00fclk\u00e2hir-i S\u00fchreverd\u00ee<\/p><p style=\"text-align: center;\">\u015eeyh Kutb\u00fcdd\u00een-i Ebher\u00ee<\/p><p style=\"text-align: center;\">\u015eeyh Muhammed R\u00fckn\u00fcdd\u00een-i Ebher\u00ee<\/p><p style=\"text-align: center;\">\u015eeyh \u015eih\u00e2b\u00fcdd\u00een Muhammed-i Tebriz\u00ee<\/p><p style=\"text-align: center;\">\u015eeyh Muhammed Cemal\u00fcddin-i \u015eir\u00e2z\u00ee<\/p><p style=\"text-align: center;\">\u015eeyh \u0130br\u00e2him Z\u00e2hid-i G\u00eel\u00e2n\u00ee<\/p><p style=\"text-align: center;\">\u015eeyh Ker\u00e2m\u00fcddin Ahi Muhammed N\u00fbr-i Halvet\u00ee<\/p><p style=\"text-align: center;\">P\u00eer-i Tar\u00eek Sir\u00e2c\u00fcdd\u00een \u00d6mer-i Halvet\u00ee<\/p><p style=\"text-align: center;\">\u015eeyh Ahi Emre Muhammed \u0130r\u015f\u00e2d\u00ee-i Halvet\u00ee<\/p><p style=\"text-align: center;\">\u015eeyh Sadr\u00fcdd\u00een-i H\u0131yav\u00ee<\/p><p style=\"text-align: center;\">\u015eeyh Cel\u00e2l\u00fcdd\u00een Yahya-i \u015eirv\u00e2n\u00ee<\/p><p style=\"text-align: center;\">\u015eeyh Muhammed Bah\u00e2\u00fcdd\u00een-i Erzinc\u00e2n\u00ee<\/p><p style=\"text-align: center;\">\u015eeyh T\u00e2c\u00fcdd\u00een \u0130br\u00e2him-i Kayser\u00ee<\/p><p style=\"text-align: center;\">\u015eeyh Al\u00e2udd\u00een-i U\u015f\u015f\u00e2k\u00ee<\/p><p style=\"text-align: center;\">\u015eeyh Ahmed \u015eems\u00fcdd\u00een-i G\u00f6lmarmarav\u00ee Yi\u011fitb\u00e2\u015f-\u0131 Vel\u00ee<\/p><p style=\"text-align: center;\">\u015eeyh \u0130zzedd\u00een-i Karam\u00e2n\u00ee<\/p><p style=\"text-align: center;\">\u015eeyh \u0130brahim \u00dcmm\u00ee Sim\u00e2n<\/p><p style=\"text-align: center;\">\u015eeyh Emir Ahmed Semerkand\u00ee<\/p><p style=\"text-align: center;\"><a href=\"https:\/\/www.ussaki.com\/?page_id=1153\"><strong>Tar\u00eek Hazret-i P\u00eer Seyyid Hasan H\u00fcs\u00e2m\u00fcddin Buhar\u00ee-i U\u015f\u015f\u00e2k\u00ee \u00a0(k.s.a)<\/strong><\/a><\/p><p style=\"text-align: center;\">\u015eeyh Mehmed Memic\u00e2n-\u0131 Saruh\u00e2n\u00ee<\/p><p style=\"text-align: center;\">\u015eeyh \u00d6mer Kar\u00eeb\u00ee-i Bolay\u0131r\u00ee-i Geliboluv\u00ee<\/p><p style=\"text-align: center;\">\u015eeyh \u00c2lim Sin\u00e2n Mu\u011flav\u00ee-i Ke\u015f\u00e2n\u00ee<\/p><p style=\"text-align: center;\">\u015eeyh Mehmed Dr\u00e2m\u00e2v\u00ee-i Ke\u015f\u00e2n\u00ee<\/p><p style=\"text-align: center;\">\u015eeyh Halil-i G\u00fcm\u00fclcinev\u00ee<\/p><p style=\"text-align: center;\">\u015eeyh Abdulkerim-i G\u00fcm\u00fclcinev\u00ee<\/p><p style=\"text-align: center;\">\u015eeyh Osman S\u0131dk\u00ee G\u00fcm\u00fclcinev\u00ee-i Edirnev\u00ee<\/p><p style=\"text-align: center;\">\u015eeyh Mehmed Hamd\u00ee Edirnev\u00ee Ba\u011fd\u00e2d\u00ee<\/p><p style=\"text-align: center;\">P\u00eer-i S\u00e2ni \u015eeyh Seyyid Mehmed Cem\u00e2l\u00fcdd\u00een U\u015f\u015f\u00e2k\u00ee Edirnev\u00ee \u0130stanbul\u00ee<\/p><p style=\"text-align: center;\">P\u00eer-i S\u00e2lis \u015eeyh Abdullah Sal\u00e2hudd\u00een U\u015f\u015f\u00e5k\u00ee Bal\u0131kes\u00eer-i Istanbul\u00ee<\/p><p style=\"text-align: center;\">\u015eeyh Mehmed Z\u00fchd\u00ee-i N\u00e2ziliv\u00ee<\/p><p style=\"text-align: center;\">\u015eeyh Ali G\u00e2lib Vasfi-i N\u00e2zilliv\u00ee<\/p><p style=\"text-align: center;\">\u015eeyh Mehmed Tevf\u00eek-i N\u00e2zilliv\u00ee<\/p><p style=\"text-align: center;\">\u015eeyh \u00d6mer Hul\u00fbsi-i Bo\u011fazhis\u00e2r\u00ee<\/p><p style=\"text-align: center;\">\u015eeyh H\u00fcseyin Hakk\u0131-y\u0131 Kasabav\u00ee<\/p><p style=\"text-align: center;\">\u015eeyh Ahmed T\u00e2lib\u00ee \u0130r\u015f\u00e2d\u00ee Bay\u0131nd\u0131r\u00ee-i Kilitbahr\u00ee<\/p><p style=\"text-align: center;\">\u015eeyh Ahmed \u015e\u00fcc\u00e2\u00fcddin\u00ee-i Geliboluv\u00ee<\/p><p style=\"text-align: center;\">\u015eeyh Abdurrahman S\u00e2m\u00ee Niy\u00e2z\u00ee Saruh\u00e2n\u00ee-i \u0130stanbul\u00ee<\/p><p style=\"text-align: center;\">\u015eeyh Bekir S\u0131dk\u0131 Vis\u00e2l\u00ee-i Kulev\u00ee<\/p><p style=\"text-align: center;\">\u015eeyh Mehmed R\u00fbh\u00ee-i Kulev\u00ee<\/p><p style=\"text-align: center;\">\u015eeyh Seyyid K\u00e2z\u0131m Siverek\u00ee<\/p><p style=\"text-align: center;\">\u015eeyh S\u0131dd\u00eek N\u00e2c\u00ee-i Bal\u0131kesir\u00ee U\u015f\u015f\u00e2k\u00ee<\/p><p style=\"text-align: center;\"><a href=\"https:\/\/www.ussaki.com\/?page_id=2705\">\u015eeyh Muhammed Hikmet \u00d6nem \u0130stanbul\u00ee<\/a><\/p>\t\t\t\t\t\t\t\t<\/div>\n\t\t\t\t<\/div>\n\t\t\t\t<\/div>\n\t\t\t\t\t<\/div>\n\t\t\t\t<\/div>\n\t\t\t\t<\/div>\n\t\t","protected":false},"excerpt":{"rendered":"<p>S\u0130LS\u0130LE-\u0130 TAR\u00ceKAT-I \u00c2L\u0130YYE-\u0130 HALVET\u0130YYE-\u0130 U\u015e\u015e\u00c2K\u00ceYE Hatem-i Enbiy\u00e2 Hazret-i Muhammed Mustafa (s.a.v) \u015e\u00e2h-\u0131 Vel\u00e2yet Hazret-i Aliyy-i Murtez\u00e2 (k.v) \u015eeyh Hasan-\u0131 Basr\u00ee \u015eeyh Habib-i Acem\u00ee \u015eeyh D\u00e2vud-i T\u00e2\u00ee \u015eeyh M\u00e2r\u00fbf-\u0131 Kerh\u00ee \u015eeyh Seri-yi Sakat\u00ee \u015eeyh C\u00fcneyd-i Ba\u011fd\u00e2d\u00ee \u015eeyh Mim\u015fad-\u0131 D\u00eenaver\u00ee \u015eeyh Muhammed-i Bekr\u00ee \u015eeyh \u00d6mer Vec\u00eeh\u00fcdd\u00een-i Bekr\u00ee \u015eeyh Eb\u00fc\u2019n Necib Abd\u00fclk\u00e2hir-i S\u00fchreverd\u00ee \u015eeyh Kutb\u00fcdd\u00een-i Ebher\u00ee \u015eeyh Muhammed [&hellip;]<\/p>\n","protected":false},"author":1,"featured_media":0,"parent":0,"menu_order":0,"comment_status":"closed","ping_status":"closed","template":"elementor_header_footer","meta":{"om_disable_all_campaigns":false,"_monsterinsights_skip_tracking":false,"_monsterinsights_sitenote_active":false,"_monsterinsights_sitenote_note":"","_monsterinsights_sitenote_category":0,"footnotes":""},"class_list":["post-3240","page","type-page","status-publish","hentry"],"aioseo_notices":[],"_links":{"self":[{"href":"https:\/\/www.ussaki.com\/index.php?rest_route=\/wp\/v2\/pages\/3240","targetHints":{"allow":["GET"]}}],"collection":[{"href":"https:\/\/www.ussaki.com\/index.php?rest_route=\/wp\/v2\/pages"}],"about":[{"href":"https:\/\/www.ussaki.com\/index.php?rest_route=\/wp\/v2\/types\/page"}],"author":[{"embeddable":true,"href":"https:\/\/www.ussaki.com\/index.php?rest_route=\/wp\/v2\/users\/1"}],"replies":[{"embeddable":true,"href":"https:\/\/www.ussaki.com\/index.php?rest_route=%2Fwp%2Fv2%2Fcomments&post=3240"}],"version-history":[{"count":17,"href":"https:\/\/www.ussaki.com\/index.php?rest_route=\/wp\/v2\/pages\/3240\/revisions"}],"predecessor-version":[{"id":3458,"href":"https:\/\/www.ussaki.com\/index.php?rest_route=\/wp\/v2\/pages\/3240\/revisions\/3458"}],"wp:attachment":[{"href":"https:\/\/www.ussaki.com\/index.php?rest_route=%2Fwp%2Fv2%2Fmedia&parent=3240"}],"curies":[{"name":"wp","href":"https:\/\/api.w.org\/{rel}","templated":true}]}}